
1
What is the thousands digit of 5122?
5
What is the units digit of 5396?
6
What is the hundreds digit of 588?
5
What is the hundreds digit of 2750?
7
What is the tens digit of 8983?
8
What is the units digit of 991?
1
What is the units digit of 972?
2
What is the hundreds digit of 1063?
0
What is the hundreds digit of 3126?
1
What is the tens digit of 43?
4
What is the hundreds digit of 607?
6
What is the units digit of 1494?
4
What is the ten thousands digit of 62662?
6
What is the tens digit of 21019?
1
What is the tens digit of 9229?
2
What is the hundreds digit of 1872?
8
What is the hundreds digit of 2837?
8
What is the thousands digit of 36943?
6
What is the hundreds digit of 1784?
7
What is the tens digit of 3717?
1
What is the hundreds digit of 1081?
0
What is the tens digit of 45478?
7
What is the tens digit of 9477?
7
What is the ten thousands digit of 131530?
3
What is the units digit of 36664?
4
What is the units digit of 1527?
7
What is the hundreds digit of 12824?
8
What is the units digit of 813?
3
What is the hundreds digit of 31558?
5
What is the ten thousands digit of 37408?
3
What is the tens digit of 211?
1
What is the hundreds digit of 7501?
5
What is the thousands digit of 1426?
1
What is the tens digit of 1701?
0
What is the tens digit of 8208?
0
What is the tens digit of 2310?
1
What is the units digit of 819?
9
What is the thousands digit of 5306?
5
What is the ten thousands digit of 40469?
4
What is the thousands digit of 7730?
7
What is the tens digit of 25158?
5
What is the units digit of 254?
4
What is the thousands digit of 1326?
1
What is the tens digit of 1702?
0
What is the tens digit of 1579?
7
What is the hundreds digit of 8096?
0
What is the thousands digit of 3529?
3
What is the hundreds digit of 46231?
2
What is the hundreds digit of 4813?
8
What is the tens digit of 21399?
9
What is the units digit of 770?
0
What is the units digit of 2456?
6
What is the thousands digit of 4281?
4
What is the hundreds digit of 29945?
9
What is the units digit of 49407?
7
What is the thousands digit of 13687?
3
What is the thousands digit of 1241?
1
What is the thousands digit of 29124?
9
What is the tens digit of 700?
0
What is the tens digit of 12809?
0
What is the thousands digit of 3922?
3
What is the units digit of 102?
2
What is the hundreds digit of 308?
3
What is the tens digit of 33252?
5
What is the tens digit of 372?
7
What is the thousands digit of 111769?
1
What is the units digit of 1059?
9
What is the thousands digit of 1175?
1
What is the units digit of 705?
5
What is the units digit of 61509?
9
What is the units digit of 78?
8
What is the units digit of 842?
2
What is the units digit of 6581?
1
What is the hundreds digit of 2907?
9
What is the tens digit of 825?
2
What is the units digit of 476?
6
What is the thousands digit of 150140?
0
What is the hundreds digit of 392?
3
What is the hundreds digit of 486?
4
What is the hundreds digit of 9195?
1
What is the ten thousands digit of 31625?
3
What is the tens digit of 742?
4
What is the ten thousands digit of 37886?
3
What is the units digit of 271?
1
What is the hundreds digit of 48449?
4
What is the units digit of 2914?
4
What is the hundreds digit of 1573?
5
What is the hundreds digit of 109160?
1
What is the units digit of 1282?
2
What is the hundreds digit of 31857?
8
What is the thousands digit of 1430?
1
What is the units digit of 4131?
1
What is the hundreds digit of 13001?
0
What is the tens digit of 1174?
7
What is the units digit of 145604?
4
What is the ten thousands digit of 10138?
1
What is the tens digit of 22533?
3
What is the thousands digit of 3804?
3
What is the thousands digit of 2558?
2
What is the hundreds digit of 89853?
8
What is the hundreds digit of 35737?
7
What is the thousands digit of 2337?
2
What is the tens digit of 67?
6
What is the thousands digit of 1808?
1
What is the hundreds digit of 2803?
8
What is the ten thousands digit of 78639?
7
What is the units digit of 70960?
0
What is the thousands digit of 1213?
1
What is the hundreds digit of 3913?
9
What is the units digit of 480?
0
What is the units digit of 534?
4
What is the units digit of 1279?
9
What is the hundreds digit of 15286?
2
What is the tens digit of 83866?
6
What is the thousands digit of 16407?
6
What is the thousands digit of 34541?
4
What is the units digit of 1973?
3
What is the hundreds digit of 2761?
7
What is the hundreds digit of 148420?
4
What is the units digit of 7546?
6
What is the hundreds digit of 3037?
0
What is the tens digit of 1333?
3
What is the thousands digit of 20946?
0
What is the units digit of 286?
6
What is the thousands digit of 32828?
2
What is the units digit of 111956?
6
What is the units digit of 14045?
5
What is the units digit of 63605?
5
What is the thousands digit of 19345?
9
What is the tens digit of 19323?
2
What is the tens digit of 15794?
9
What is the hundreds digit of 6859?
8
What is the units digit of 65292?
2
What is the thousands digit of 52606?
2
What is the thousands digit of 5552?
5
What is the units digit of 771?
1
What is the thousands digit of 15806?
5
What is the units digit of 16222?
2
What is the hundreds digit of 3378?
3
What is the units digit of 1286?
6
What is the thousands digit of 40105?
0
What is the tens digit of 1668?
6
What is the tens digit of 29582?
8
What is the hundreds digit of 580?
5
What is the hundreds digit of 535?
5
What is the ten thousands digit of 11181?
1
What is the tens digit of 839?
3
What is the thousands digit of 1420?
1
What is the thousands digit of 7526?
7
What is the hundreds digit of 630?
6
What is the tens digit of 62559?
5
What is the hundreds digit of 21167?
1
What is the tens digit of 6983?
8
What is the tens digit of 1621?
2
What is the tens digit of 2039?
3
What is the tens digit of 39584?
8
What is the tens digit of 1529?
2
What is the units digit of 38660?
0
What is the units digit of 758?
8
What is the units digit of 7545?
5
What is the units digit of 64533?
3
What is the ten thousands digit of 42599?
4
What is the hundreds digit of 27475?
4
What is the hundreds digit of 9380?
3
What is the tens digit of 51577?
7
What is the hundreds digit of 743?
7
What is the ten thousands digit of 15712?
1
What is the hundreds digit of 66313?
3
What is the hundreds digit of 33062?
0
What is the tens digit of 37970?
7
What is the units digit of 2444?
4
What is the units digit of 12536?
6
What is the tens digit of 121607?
0
What is the thousands digit of 78512?
8
What is the hundreds digit of 5549?
5
What is the hundreds digit of 768?
7
What is the units digit of 353?
3
What is the hundreds digit of 9459?
4
What is the units digit of 69264?
4
What is the ten thousands digit of 16718?
1
What is the thousands digit of 7653?
7
What is the thousands digit of 1885?
1
What is the units digit of 50933?
3
What is the hundreds digit of 63277?
2
What is the hundreds digit of 2533?
5
What is the ten thousands digit of 15584?
1
What is the hundreds digit of 505?
5
What is the tens digit of 12143?
4
What is the hundreds digit of 552?
5
What is the ten thousands digit of 111759?
1
What is the units digit of 244?
4
What is the thousands digit of 33060?
3
What is the hundred thousands digit of 129848?
1
What is the tens digit of 1024?
2
What is the hundreds digit of 3720?
7
What is the units digit of 9237?
7
What is the tens digit of 29796?
9
What is the thousands digit of 11992?
1
What is the hundreds digit of 51536?
5
What is the tens digit of 2060?
6
What is the tens digit of 130395?
9
What is the thousands digit of 6493?
6
What is the hundreds digit of 384?
3
What is the hundreds digit of 2247?
2
What is the units digit of 23312?
2
What is the units digit of 598?
8
What is the thousands digit of 5133?
5
What is the ten thousands digit of 25506?
2
What is the tens digit of 1027?
2
What is the thousands digit of 1613?
1
What is the units digit of 20482?
2
What is the thousands digit of 12695?
2
What is the thousands digit of 8372?
8
What is the units digit of 7039?
9
What is the thousands digit of 6031?
6
What is the tens digit of 17517?
1
What is the tens digit of 21671?
7
What is the thousands digit of 1115?
1
What is the tens digit of 70954?
5
What is the tens digit of 1051?
5
What is 